 - (8619/(-52) + 7). What is the highest common factor of 4266 and o?
158
Let f(m) = 5*m**2 + 5*m + 14. Let l(q) = -14*q**2 - 15*q - 42. Let x(h) = 17*f(h) + 6*l(h). Let s be x(10). What is the highest common factor of s and 45?
9
Let s(k) = -2*k**2 - 32*k + 39. Let c be s(-17). Let b be ((-3)/(-3))/(c/(-10)) - -41. Suppose -3*o + 51 = -27. What is the greatest common factor of b and o?
13
Let m(y) = 35*y - 70. Let g be m(8). Let t = g + 140. Calculate the highest common divisor of t and 28.
14
Let k be 2 + ((-24)/(-7))/(-2) + (-51034)/(-133). What is the greatest common divisor of 24 and k?
24
Let r(i) = 61*i**3 + 2*i**2 + 5*i + 2. Let u be r(-1). Let t = u + 64. Suppose 4 = t*j - 18. Calculate the highest common divisor of 187 and j.
11
Let c(a) = 3*a + 13. Let t be c(7). Suppose m - q = 0, -5*q + t = 2*m + 6. What is the greatest common divisor of 20 and m?
4
Suppose 4*c + 6 = -2, 2*c - 36 = -4*n. Suppose -167737*p + 210 = -167734*p. Calculate the highest common divisor of p and n.
10
Let a(o) be the first derivative of 3*o**2/2 + 40*o + 3. Let k be a(-10). Let v(h) = h**2 + 6. Let g be v(-8). What is the greatest common factor of k and g?
10
Suppose 0 = 83*c - 43280 - 40882. Let o = 74 + 4. Calculate the highest common divisor of c and o.
78
Suppose 7*w - 161 = -42. Let p = w + -7. Suppose p*s = 2*s + 40. Calculate the highest common divisor of 35 and s.
5
Let o = -91 + 196. Let l = -79 + 103. Let g be (-46)/(-1) - (-11)/((-66)/l). What is the greatest common factor of o and g?
21
Let z be ((-35)/(-10) + -4)*-176. What is the highest common divisor of 198 and z?
22
Let s(k) = 3*k - 5*k + 145 + 9 + 2*k**3 + 6*k**2 - 4*k**2. Let z be s(0). Calculate the highest common divisor of z and 11.
11
Let h be (-38)/2 - (7 - 11). Let r = h + 50. Let d = -968 + 973. Calculate the highest common factor of d and r.
5
Let l(f) = 2*f**2 + 17*f + 64. Suppose 37 = -9*t - 17. Let p be l(t). What is the highest common factor of p and 102?
34
Let y(t) = t**3 - 3*t**2 - 80*t - 20. Let b be y(-5). Suppose 0 = -6*w + 123 - 3. What is the highest common factor of b and w?
20
Let z be ((-688)/(-72) - (-3)/(-54)*-8) + 1. Calculate the greatest common factor of z and 16.
1
Suppose -15*t = 3*t - 7*t - 176. Calculate the highest common divisor of 3632 and t.
16
Let r = -682 + 1274. Suppose 99*h - 12440 = 8093 + 1445. What is the greatest common factor of r and h?
74
Suppose -3*r + 80 = -2*c, 0 = 8*c - 13*c + 25. Let w(q) = 2*q**2 + 7*q. Let n be w(-5). What is the highest common factor of r and n?
15
Suppose 2*n - 5*k - 20 - 36 = 0, 0 = n - 5*k - 28. Suppose n*b - 35*b + 980 = 0. Calculate the highest common divisor of b and 315.
35
Let x be -91 - (-1 + 1)/(-3). Let r = 1167 - 1267. Let g = x - r. Calculate the greatest common factor of g and 15.
3
Suppose -k = -5, -4*p - 6*k + 10*k = 0. Let d(x) = 0*x**3 + 2*x + 7*x + x**3 - 6*x**2 - 13. Let i be d(p). Calculate the greatest common divisor of i and 77.
7
Let w be 1/(16 - (-3645)/(-228)). Calculate the highest common divisor of 3040 and w.
76
Suppose 0*o + 3*o + 4 = q, 4*o - 28 = -2*q. Let h be 1*(13712/80 + (-4)/q). Calculate the highest common factor of 19 and h.
19
Let v = 365 + 1422. Suppose -4*q = -3*t + q + v, -2*t - 5*q = -1158. Calculate the greatest common divisor of 31 and t.
31
Let h(l) = -l**3 - 25*l**2 + 24*l - 2. Let z = -70 - -44. Let s be h(z). Calculate the greatest common factor of 550 and s.
50
Let t be -6*9/18 + 6. Suppose -5*g - 2*l = -534, -2*l - t*l = 15. Calculate the highest common factor of 6 and g.
6
Let g(r) = -9*r - 9*r + 2 + 19*r - 4. Let i be g(4). Suppose -l + i*s + 46 = -3*s, 0 = -2*l - 2*s + 44. What is the greatest common factor of l and 26?
26
Suppose 427*o - 287*o - 1404 = 9516. What is the greatest common factor of 11115 and o?
39
Let o be ((-10335)/(-650) - (-2)/20)/2. What is the highest common factor of o and 3568?
8
Suppose 11*u - 4 = 10*u. Suppose q = u - 4. Suppose -3*p - 37 + 334 = q. What is the highest common factor of 11 and p?
11
Let f = -3299 + 3390. What is the highest common factor of f and 9?
1
Let g(h) = 29*h - 24 + 3*h**2 + 7*h - 10 + 14. Let p be g(-14). Calculate the highest common divisor of p and 12.
4
Suppose 77 + 55 = 6*x. Suppose x*p - 2507 = 23. What is the highest common factor of p and 46?
23
Let a be 321/(-9) + (-2)/6. Let s be (a/7)/((-14)/49). Let u be ((4/(-8))/(-1))/((-3)/(-108)). What is the highest common factor of u and s?
18
Let a be 3 + 1 + 2 + -3. Suppose -3*u = a*s - 0*s - 12, 4*s - 15 = -5*u. Let x = u - -46. Calculate the greatest common divisor of 15 and x.
15
Let j be 4/(-20) - 669/5. Let z = j + 203. Let g be 6/(-10) - (-118)/5. Calculate the highest common factor of g and z.
23
Suppose 0 = -2*h + 5 - 1. Suppose -6*b + h*b = 3*g - 660, -146 = -b + 4*g. Let m = 263 - 245. What is the greatest common divisor of b and m?
18
Let g = 73 - 68. Suppose -o - g*o = -36. Calculate the greatest common divisor of 42 and o.
6
Let m = -5810 + 8799. Calculate the highest common factor of m and 61.
61
Let n(f) = 11*f + 448. Let s be n(-28). Calculate the highest common factor of s and 1030.
10
Suppose 202 = 2*f - 3*a, 5*f - 487 = -a + 4*a. Let v = -7 - -22. What is the highest common divisor of v and f?
5
Let z = 25 - -70. Let u = 26 - -130. Suppose u*g - 152*g = 76. Calculate the greatest common divisor of z and g.
19
Suppose 2*u + 6 = 0, 2*u = 3*t - 3*u - 42. Suppose 0 = -t*h + 599 + 796. What is the greatest common divisor of 15 and h?
5
Let d(s) = 6*s**2 - 26*s + 116. Let i = 584 + -579. Let v be d(i). Calculate the highest common factor of v and 17.
17
Let q = 100 + -58. Let m(s) = -76*s + 8. Let t be m(-1). Calculate the highest common factor of t and q.
42
Let x = 290 + -277. Suppose x*f - 204 = 446. What is the greatest common factor of f and 75?
25
Let y(d) = 5*d**3 + 5*d + 1. Let q be y(4). Suppose 5*g + k - 112 = 4, 3*k = 18. What is the greatest common divisor of g and q?
11
Suppose -3*g = -5*j + 7086, 5*j + 60*g - 57*g = 7074. Calculate the greatest common divisor of j and 16.
8
Let g = -6107 + 8006. Calculate the greatest common factor of 18 and g.
9
Suppose 0 = 4*m, -24*k + m = -25*k + 60. Suppose -x + 79 = -71. What is the greatest common factor of k and x?
30
Let q be (-3)/((-1)/((-2)/(-1))). Let a be 2/q - (-356)/12. Let t(p) = 8*p**2 - 307*p + 2265. Let b be t(29). Calculate the greatest common factor of b and a.
30
Let x = 32 - 22. Let d = 21 - -236. Let i = d - 237. What is the highest common divisor of i and x?
10
Suppose -15 = -5*g, 0 = -425*f + 429*f - 3*g - 2879. What is the highest common factor of f and 304?
38
Let q be -3 - ((-5 - -3) + -3 + -746). Suppose -18*z = 4*z - q. Calculate the greatest common factor of 34 and z.
34
Let i(f) = -16*f**2 - 834*f + 17. Let n be i(-52). Calculate the greatest common factor of n and 187.
11
Let f(y) = -y - 3. Let q be f(1). Let m(z) = z**2 + 6*z + 23. Let d be m(q). What is the greatest common divisor of d and 30?
15
Let l = -59 + 186. Suppose -4*u = -2*u - 4, 3*v - l = -5*u. Let c(o) = -2*o**2 - 17*o + 18. Let t be c(-8). Calculate the highest common divisor of v and t.
13
Suppose -26*p + 22*p + 900 = 4*s, 0 = 4*p - 5*s - 855. Suppose 4*v - 2*v = 28. Suppose j - v - 6 = 0. Calculate the highest common divisor of j and p.
20
Let x = -22 + 20. Let p be 3*((-420)/(-63))/(x/(-9)). Calculate the greatest common factor of 30 and p.
30
Let c = -141 - -143. Suppose 18 = 2*b - 2*k, -c*b - 4*k + 3*k = -3. What is the greatest common divisor of 12 and b?
4
Let r(t) = -7*t + 139. Let n be 1*(-1 + -37)/(-2). Let u be r(n). Let z = -24 + 57. What is the highest common factor of u and z?
3
Suppose 35690 = 35*i - 6036 - 37024. Calculate the highest common factor of i and 54.
18
Let h(a) = -3*a - 37. Let n be h(-13). Suppose -l - 17 = -n*l + 3*u, -u = -5. Calculate the highest common divisor of l and 64.
32
Suppose -6*v - m = -8*v - 25, -v - 25 = -3*m. Let y be (0 - (-28)/(-10))/(v/125). Calculate the greatest common divisor of y and 7.
7
Suppose -3*j - 1133 = -5*f, 3*f - 357 = 3*j + 324. Calculate the highest common divisor of 5989 and f.
113
Let f(v) = -7*v**2 - 53*v + 151. Let s be f(-9). What is the greatest common factor of s and 5063?
61
Let t = 7 - 0. Let p(b) be the second derivative of b**3/2